{"id":116,"date":"2025-02-21T09:15:21","date_gmt":"2025-02-21T08:15:21","guid":{"rendered":"https:\/\/colonisatorpcgame.com\/?page_id=116"},"modified":"2025-06-11T17:36:07","modified_gmt":"2025-06-11T15:36:07","slug":"accueil","status":"publish","type":"page","link":"https:\/\/colonisatorpcgame.com\/","title":{"rendered":"Accueil"},"content":{"rendered":"\t\t<div data-elementor-type=\"wp-page\" data-elementor-id=\"116\" class=\"elementor elementor-116\">\n\t\t\t\t<div class=\"elementor-element elementor-element-de171cf e-flex e-con-boxed wpr-particle-no wpr-jarallax-no wpr-parallax-no wpr-sticky-section-no e-con e-parent\" data-id=\"de171cf\" data-element_type=\"container\" data-settings=\"{&quot;background_background&quot;:&quot;video&quot;,&quot;background_video_link&quot;:&quot;https:\\\/\\\/colonisatorpcgame.com\\\/wp-content\\\/uploads\\\/2025\\\/06\\\/landpage.mov&quot;,&quot;background_play_on_mobile&quot;:&quot;yes&quot;}\">\n\t\t\t\t\t<div class=\"e-con-inner\">\n\t\t<div class=\"elementor-background-video-container\" aria-hidden=\"true\">\n\t\t\t\t\t\t\t<video class=\"elementor-background-video-hosted\" autoplay muted playsinline loop><\/video>\n\t\t\t\t\t<\/div><div class=\"elementor-element elementor-element-ba09b95 e-con-full e-flex wpr-particle-no wpr-jarallax-no wpr-parallax-no wpr-sticky-section-no e-con e-child\" data-id=\"ba09b95\" data-element_type=\"container\" data-settings=\"{&quot;background_background&quot;:&quot;classic&quot;,&quot;position&quot;:&quot;absolute&quot;}\">\n\t\t\t\t<div class=\"elementor-element elementor-element-1eb016f elementor-widget elementor-widget-heading\" data-id=\"1eb016f\" data-element_type=\"widget\" data-settings=\"{&quot;_animation&quot;:&quot;none&quot;}\" data-widget_type=\"heading.default\">\n\t\t\t\t<div class=\"elementor-widget-container\">\n\t\t\t\t\t<h1 class=\"elementor-heading-title elementor-size-default\">Oh\u00e9 mousaillon !<\/h1>\t\t\t\t<\/div>\n\t\t\t\t<\/div>\n\t\t\t\t<\/div>\n\t\t\t\t\t<\/div>\n\t\t\t\t<\/div>\n\t\t<div class=\"elementor-element elementor-element-ece2ae6 e-flex e-con-boxed wpr-particle-no wpr-jarallax-no wpr-parallax-no wpr-sticky-section-no e-con e-parent\" data-id=\"ece2ae6\" data-element_type=\"container\" data-settings=\"{&quot;background_background&quot;:&quot;classic&quot;}\">\n\t\t\t\t\t<div class=\"e-con-inner\">\n\t\t\t\t<div class=\"elementor-element elementor-element-a4f8ee1 elementor-drop-cap-yes elementor-drop-cap-view-default elementor-widget elementor-widget-text-editor\" data-id=\"a4f8ee1\" data-element_type=\"widget\" data-settings=\"{&quot;drop_cap&quot;:&quot;yes&quot;}\" data-widget_type=\"text-editor.default\">\n\t\t\t\t<div class=\"elementor-widget-container\">\n\t\t\t\t\t\t\t\t\t<p class=\"MsoNormal\">La cit\u00e9 royale de Sundercity vous charge de coloniser et d&rsquo;administrer en son nom des \u00eeles.. mais vous n&rsquo;\u00eates pas seul ! Jusqu&rsquo;\u00e0 3 concurrents IA et des factions plus ou moins ravies de vous voir seront l\u00e0 pour vous mener la vie dure.<br \/>Remplissez votre mission en vous forgeant une r\u00e9putation au fil du temps, et faites preuve d&rsquo;habilet\u00e9 pour d\u00e9jouer les nombreuses situations p\u00e9rilleuses qui vous attendent !<\/p>\t\t\t\t\t\t\t\t<\/div>\n\t\t\t\t<\/div>\n\t\t\t\t<div class=\"elementor-element elementor-element-df827ab e-n-tabs-mobile elementor-widget elementor-widget-n-tabs\" data-id=\"df827ab\" data-element_type=\"widget\" data-settings=\"{&quot;horizontal_scroll&quot;:&quot;disable&quot;}\" data-widget_type=\"nested-tabs.default\">\n\t\t\t\t<div class=\"elementor-widget-container\">\n\t\t\t\t\t\t\t<div class=\"e-n-tabs\" data-widget-number=\"234366891\" aria-label=\"Onglets. Ouvrez des \u00e9l\u00e9ments avec Entrer ou Espace, fermez-les avec Echape et naviguez \u00e0 l&#039;aide des touches fl\u00e9ch\u00e9es.\">\n\t\t\t<div class=\"e-n-tabs-heading\" role=\"tablist\">\n\t\t\t\t\t<button id=\"e-n-tab-title-2343668911\" class=\"e-n-tab-title elementor-animation-grow\" aria-selected=\"true\" data-tab-index=\"1\" role=\"tab\" tabindex=\"0\" aria-controls=\"e-n-tab-content-2343668911\" style=\"--n-tabs-title-order: 1;\">\n\t\t\t\t\t\t<span class=\"e-n-tab-title-text\">\n\t\t\t\tAction\t\t\t<\/span>\n\t\t<\/button>\n\t\t\t\t<button id=\"e-n-tab-title-2343668912\" class=\"e-n-tab-title elementor-animation-grow\" aria-selected=\"false\" data-tab-index=\"2\" role=\"tab\" tabindex=\"-1\" aria-controls=\"e-n-tab-content-2343668912\" style=\"--n-tabs-title-order: 2;\">\n\t\t\t\t\t\t<span class=\"e-n-tab-title-text\">\n\t\t\t\tGestion\t\t\t<\/span>\n\t\t<\/button>\n\t\t\t\t<button id=\"e-n-tab-title-2343668913\" class=\"e-n-tab-title elementor-animation-grow\" aria-selected=\"false\" data-tab-index=\"3\" role=\"tab\" tabindex=\"-1\" aria-controls=\"e-n-tab-content-2343668913\" style=\"--n-tabs-title-order: 3;\">\n\t\t\t\t\t\t<span class=\"e-n-tab-title-text\">\n\t\t\t\tStrat\u00e9gie\t\t\t<\/span>\n\t\t<\/button>\n\t\t\t\t<button id=\"e-n-tab-title-2343668914\" class=\"e-n-tab-title elementor-animation-grow\" aria-selected=\"false\" data-tab-index=\"4\" role=\"tab\" tabindex=\"-1\" aria-controls=\"e-n-tab-content-2343668914\" style=\"--n-tabs-title-order: 4;\">\n\t\t\t\t\t\t<span class=\"e-n-tab-title-text\">\n\t\t\t\tSimulation\t\t\t<\/span>\n\t\t<\/button>\n\t\t\t\t\t<\/div>\n\t\t\t<div class=\"e-n-tabs-content\">\n\t\t\t\t<div id=\"e-n-tab-content-2343668911\" role=\"tabpanel\" aria-labelledby=\"e-n-tab-title-2343668911\" data-tab-index=\"1\" style=\"--n-tabs-title-order: 1;\" class=\"e-active elementor-element elementor-element-64de4c2 e-con-full e-flex wpr-particle-no wpr-jarallax-no wpr-parallax-no wpr-sticky-section-no e-con e-child\" data-id=\"64de4c2\" data-element_type=\"container\">\n\t\t\t\t<div class=\"elementor-element elementor-element-42378b7 elementor-widget elementor-widget-video\" data-id=\"42378b7\" data-element_type=\"widget\" data-settings=\"{&quot;autoplay&quot;:&quot;yes&quot;,&quot;video_type&quot;:&quot;hosted&quot;,&quot;play_on_mobile&quot;:&quot;yes&quot;,&quot;controls&quot;:&quot;yes&quot;}\" data-widget_type=\"video.default\">\n\t\t\t\t<div class=\"elementor-widget-container\">\n\t\t\t\t\t\t\t<div class=\"e-hosted-video elementor-wrapper elementor-open-inline\">\n\t\t\t\t\t<video class=\"elementor-video\" src=\"https:\/\/colonisatorpcgame.com\/wp-content\/uploads\/2025\/02\/CombatSteam.mp4\" autoplay=\"\" controls=\"\" playsinline=\"\" controlsList=\"nodownload\"><\/video>\n\t\t\t\t<\/div>\n\t\t\t\t\t\t<\/div>\n\t\t\t\t<\/div>\n\t\t\t\t<div class=\"elementor-element elementor-element-d9ad088 elementor-widget elementor-widget-text-editor\" data-id=\"d9ad088\" data-element_type=\"widget\" data-widget_type=\"text-editor.default\">\n\t\t\t\t<div class=\"elementor-widget-container\">\n\t\t\t\t\t\t\t\t\t<p>Passez en vue premi\u00e8re personne, prenez les commandes de votre navire et menez votre \u00e9quipage vers la victoire, dans des affrontements intenses !<\/p>\t\t\t\t\t\t\t\t<\/div>\n\t\t\t\t<\/div>\n\t\t\t\t<\/div>\n\t\t<div id=\"e-n-tab-content-2343668912\" role=\"tabpanel\" aria-labelledby=\"e-n-tab-title-2343668912\" data-tab-index=\"2\" style=\"--n-tabs-title-order: 2;\" class=\" elementor-element elementor-element-0ee7d16 e-con-full e-flex wpr-particle-no wpr-jarallax-no wpr-parallax-no wpr-sticky-section-no e-con e-child\" data-id=\"0ee7d16\" data-element_type=\"container\">\n\t\t\t\t<div class=\"elementor-element elementor-element-58445c0 elementor-widget elementor-widget-video\" data-id=\"58445c0\" data-element_type=\"widget\" data-settings=\"{&quot;autoplay&quot;:&quot;yes&quot;,&quot;video_type&quot;:&quot;hosted&quot;,&quot;play_on_mobile&quot;:&quot;yes&quot;,&quot;controls&quot;:&quot;yes&quot;}\" data-widget_type=\"video.default\">\n\t\t\t\t<div class=\"elementor-widget-container\">\n\t\t\t\t\t\t\t<div class=\"e-hosted-video elementor-wrapper elementor-open-inline\">\n\t\t\t\t\t<video class=\"elementor-video\" src=\"https:\/\/colonisatorpcgame.com\/wp-content\/uploads\/2025\/06\/EconomieAlpha2.mp4\" autoplay=\"\" controls=\"\" playsinline=\"\" controlsList=\"nodownload\"><\/video>\n\t\t\t\t<\/div>\n\t\t\t\t\t\t<\/div>\n\t\t\t\t<\/div>\n\t\t\t\t<div class=\"elementor-element elementor-element-449ba0b elementor-widget elementor-widget-text-editor\" data-id=\"449ba0b\" data-element_type=\"widget\" data-widget_type=\"text-editor.default\">\n\t\t\t\t<div class=\"elementor-widget-container\">\n\t\t\t\t\t\t\t\t\t<p>Les ressources sont toutes produites quelque part et ne se t\u00e9l\u00e9portent pas par magie !\u00a0Veillez \u00e0 ce que votre navire et vos \u00eeles ne manquent de rien, o\u00f9 les ennuis vont tr\u00e8s vite vous tomber dessus.\u00a0Si votre compagnie est en difficult\u00e9, Sundercity ne vous fera pas de cadeau !<\/p>\t\t\t\t\t\t\t\t<\/div>\n\t\t\t\t<\/div>\n\t\t\t\t<\/div>\n\t\t<div id=\"e-n-tab-content-2343668913\" role=\"tabpanel\" aria-labelledby=\"e-n-tab-title-2343668913\" data-tab-index=\"3\" style=\"--n-tabs-title-order: 3;\" class=\" elementor-element elementor-element-495de04 e-con-full e-flex wpr-particle-no wpr-jarallax-no wpr-parallax-no wpr-sticky-section-no e-con e-child\" data-id=\"495de04\" data-element_type=\"container\">\n\t\t\t\t<div class=\"elementor-element elementor-element-c5b9e18 elementor-widget elementor-widget-video\" data-id=\"c5b9e18\" data-element_type=\"widget\" data-settings=\"{&quot;video_type&quot;:&quot;hosted&quot;,&quot;autoplay&quot;:&quot;yes&quot;,&quot;play_on_mobile&quot;:&quot;yes&quot;,&quot;controls&quot;:&quot;yes&quot;}\" data-widget_type=\"video.default\">\n\t\t\t\t<div class=\"elementor-widget-container\">\n\t\t\t\t\t\t\t<div class=\"e-hosted-video elementor-wrapper elementor-open-inline\">\n\t\t\t\t\t<video class=\"elementor-video\" src=\"https:\/\/colonisatorpcgame.com\/wp-content\/uploads\/2025\/06\/CombatAutoAlpha2.mp4\" autoplay=\"\" controls=\"\" playsinline=\"\" controlsList=\"nodownload\"><\/video>\n\t\t\t\t<\/div>\n\t\t\t\t\t\t<\/div>\n\t\t\t\t<\/div>\n\t\t\t\t<div class=\"elementor-element elementor-element-276f734 elementor-widget elementor-widget-text-editor\" data-id=\"276f734\" data-element_type=\"widget\" data-widget_type=\"text-editor.default\">\n\t\t\t\t<div class=\"elementor-widget-container\">\n\t\t\t\t\t\t\t\t\t<p>A mesure que la partie avance, vous devrez prendre des d\u00e9cisions difficiles, qui auront des cons\u00e9quences irr\u00e9m\u00e9diables ! Ainsi, vous devez composer avec vos officiers, l&rsquo;\u00e9quipage, mais vous devez \u00e9galement vous assurer que vos \u00eeles prosp\u00e8rent.<br \/>Tenez vous \u00e0 distance des pirates et soyez pr\u00eats \u00e0 toutes les compromissions pour parvenir \u00e0 vos fins !<\/p>\t\t\t\t\t\t\t\t<\/div>\n\t\t\t\t<\/div>\n\t\t\t\t<\/div>\n\t\t<div id=\"e-n-tab-content-2343668914\" role=\"tabpanel\" aria-labelledby=\"e-n-tab-title-2343668914\" data-tab-index=\"4\" style=\"--n-tabs-title-order: 4;\" class=\" elementor-element elementor-element-e6094c3 e-flex e-con-boxed wpr-particle-no wpr-jarallax-no wpr-parallax-no wpr-sticky-section-no e-con e-child\" data-id=\"e6094c3\" data-element_type=\"container\">\n\t\t\t\t\t<div class=\"e-con-inner\">\n\t\t\t\t<div class=\"elementor-element elementor-element-84948c3 elementor-widget elementor-widget-video\" data-id=\"84948c3\" data-element_type=\"widget\" data-settings=\"{&quot;video_type&quot;:&quot;hosted&quot;,&quot;autoplay&quot;:&quot;yes&quot;,&quot;play_on_mobile&quot;:&quot;yes&quot;,&quot;controls&quot;:&quot;yes&quot;}\" data-widget_type=\"video.default\">\n\t\t\t\t<div class=\"elementor-widget-container\">\n\t\t\t\t\t\t\t<div class=\"e-hosted-video elementor-wrapper elementor-open-inline\">\n\t\t\t\t\t<video class=\"elementor-video\" src=\"https:\/\/colonisatorpcgame.com\/wp-content\/uploads\/2025\/03\/GestionNavireAlpha2.mp4\" autoplay=\"\" controls=\"\" playsinline=\"\" controlsList=\"nodownload\"><\/video>\n\t\t\t\t<\/div>\n\t\t\t\t\t\t<\/div>\n\t\t\t\t<\/div>\n\t\t\t\t<div class=\"elementor-element elementor-element-af50404 elementor-widget elementor-widget-text-editor\" data-id=\"af50404\" data-element_type=\"widget\" data-widget_type=\"text-editor.default\">\n\t\t\t\t<div class=\"elementor-widget-container\">\n\t\t\t\t\t\t\t\t\t<p>Tous les personnages du jeu sont simul\u00e9s. Ils ont tous des caract\u00e9ristiques et des aspirations propres. Vos actions et celles des personnages importants influenceront leurs d\u00e9cisions.<br \/>Vous aurez l&rsquo;\u00e9quipage que vous m\u00e9ritez, ou que vous pourrez vous payer !<\/p>\t\t\t\t\t\t\t\t<\/div>\n\t\t\t\t<\/div>\n\t\t\t\t\t<\/div>\n\t\t\t\t<\/div>\n\t\t\t\t\t<\/div>\n\t\t<\/div>\n\t\t\t\t\t\t<\/div>\n\t\t\t\t<\/div>\n\t\t\t\t\t<\/div>\n\t\t\t\t<\/div>\n\t\t\t\t<\/div>\n\t\t","protected":false},"excerpt":{"rendered":"<p>Oh\u00e9 mousaillon ! La cit\u00e9 royale de Sundercity vous charge de coloniser et d&rsquo;administrer en son nom des \u00eeles.. mais vous n&rsquo;\u00eates pas seul ! Jusqu&rsquo;\u00e0 3 concurrents IA et des factions plus ou moins ravies de vous voir seront l\u00e0 pour vous mener la vie dure.Remplissez votre mission en vous forgeant une r\u00e9putation au fil du temps, et faites preuve d&rsquo;habilet\u00e9 pour d\u00e9jouer les nombreuses situations p\u00e9rilleuses qui vous attendent ! Action Gestion Strat\u00e9gie Simulation Passez en vue premi\u00e8re personne, prenez les commandes de votre navire et menez votre \u00e9quipage vers la victoire, dans des affrontements intenses ! Les ressources sont toutes produites quelque part et ne se t\u00e9l\u00e9portent pas par magie !\u00a0Veillez \u00e0 ce que votre navire et vos \u00eeles ne manquent de rien, o\u00f9 les ennuis vont tr\u00e8s vite vous tomber dessus.\u00a0Si votre compagnie est en difficult\u00e9, Sundercity ne vous fera pas de cadeau ! A mesure que la partie avance, vous devrez prendre des d\u00e9cisions difficiles, qui auront des cons\u00e9quences irr\u00e9m\u00e9diables ! Ainsi, vous devez composer avec vos officiers, l&rsquo;\u00e9quipage, mais vous devez \u00e9galement vous assurer que vos \u00eeles prosp\u00e8rent.Tenez vous \u00e0 distance des pirates et soyez pr\u00eats \u00e0 toutes les compromissions pour parvenir \u00e0 vos fins ! Tous les personnages du jeu sont simul\u00e9s. Ils ont tous des caract\u00e9ristiques et des aspirations propres. Vos actions et celles des personnages importants influenceront leurs d\u00e9cisions.Vous aurez l&rsquo;\u00e9quipage que vous m\u00e9ritez, ou que vous pourrez vous payer ! https:\/\/colonisatorpcgame.com\/wp-content\/uploads\/2025\/02\/CombatSteam.mp4 Passez en vue premi\u00e8re personne, prenez les commandes de votre navire et menez votre \u00e9quipage vers la victoire, dans des affrontements intenses ! https:\/\/colonisatorpcgame.com\/wp-content\/uploads\/2025\/06\/EconomieAlpha2.mp4 Les ressources sont toutes produites quelque part et ne se t\u00e9l\u00e9portent pas par magie !\u00a0Veillez \u00e0 ce que votre navire et vos \u00eeles ne manquent de rien, o\u00f9 les ennuis vont tr\u00e8s vite vous tomber dessus.\u00a0Si votre compagnie est en difficult\u00e9, Sundercity ne vous fera pas de cadeau ! https:\/\/colonisatorpcgame.com\/wp-content\/uploads\/2025\/06\/CombatAutoAlpha2.mp4 A mesure que la partie avance, vous devrez prendre des d\u00e9cisions difficiles, qui auront des cons\u00e9quences irr\u00e9m\u00e9diables ! Ainsi, vous devez composer avec vos officiers, l&rsquo;\u00e9quipage, mais vous devez \u00e9galement vous assurer que vos \u00eeles prosp\u00e8rent.Tenez vous \u00e0 distance des pirates et soyez pr\u00eats \u00e0 toutes les compromissions pour parvenir \u00e0 vos fins ! https:\/\/colonisatorpcgame.com\/wp-content\/uploads\/2025\/03\/GestionNavireAlpha2.mp4 Tous les personnages du jeu sont simul\u00e9s. Ils ont tous des caract\u00e9ristiques et des aspirations propres. Vos actions et celles des personnages importants influenceront leurs d\u00e9cisions.Vous aurez l&rsquo;\u00e9quipage que vous m\u00e9ritez, ou que vous pourrez vous payer !<\/p>\n","protected":false},"author":1,"featured_media":0,"parent":0,"menu_order":0,"comment_status":"closed","ping_status":"closed","template":"","meta":{"site-sidebar-layout":"no-sidebar","site-content-layout":"","ast-site-content-layout":"full-width-container","site-content-style":"default","site-sidebar-style":"default","ast-global-header-display":"","ast-banner-title-visibility":"","ast-main-header-display":"","ast-hfb-above-header-display":"","ast-hfb-below-header-display":"","ast-hfb-mobile-header-display":"","site-post-title":"disabled","ast-breadcrumbs-content":"","ast-featured-img":"disabled","footer-sml-layout":"","theme-transparent-header-meta":"","adv-header-id-meta":"","stick-header-meta":"","header-above-stick-meta":"","header-main-stick-meta":"","header-below-stick-meta":"","astra-migrate-meta-layouts":"default","ast-page-background-enabled":"default","ast-page-background-meta":{"desktop":{"background-color":"var(--ast-global-color-5)","background-image":"","background-repeat":"repeat","background-position":"center center","background-size":"auto","background-attachment":"scroll","background-type":"","background-media":"","overlay-type":"","overlay-color":"","overlay-opacity":"","overlay-gradient":""},"tablet":{"background-color":"","background-image":"","background-repeat":"repeat","background-position":"center center","background-size":"auto","background-attachment":"scroll","background-type":"","background-media":"","overlay-type":"","overlay-color":"","overlay-opacity":"","overlay-gradient":""},"mobile":{"background-color":"","background-image":"","background-repeat":"repeat","background-position":"center center","background-size":"auto","background-attachment":"scroll","background-type":"","background-media":"","overlay-type":"","overlay-color":"","overlay-opacity":"","overlay-gradient":""}},"ast-content-background-meta":{"desktop":{"background-color":"var(--ast-global-color-4)","background-image":"","background-repeat":"repeat","background-position":"center center","background-size":"auto","background-attachment":"scroll","background-type":"","background-media":"","overlay-type":"","overlay-color":"","overlay-opacity":"","overlay-gradient":""},"tablet":{"background-color":"var(--ast-global-color-4)","background-image":"","background-repeat":"repeat","background-position":"center center","background-size":"auto","background-attachment":"scroll","background-type":"","background-media":"","overlay-type":"","overlay-color":"","overlay-opacity":"","overlay-gradient":""},"mobile":{"background-color":"var(--ast-global-color-4)","background-image":"","background-repeat":"repeat","background-position":"center center","background-size":"auto","background-attachment":"scroll","background-type":"","background-media":"","overlay-type":"","overlay-color":"","overlay-opacity":"","overlay-gradient":""}},"footnotes":""},"class_list":["post-116","page","type-page","status-publish","hentry"],"_links":{"self":[{"href":"https:\/\/colonisatorpcgame.com\/index.php\/wp-json\/wp\/v2\/pages\/116","targetHints":{"allow":["GET"]}}],"collection":[{"href":"https:\/\/colonisatorpcgame.com\/index.php\/wp-json\/wp\/v2\/pages"}],"about":[{"href":"https:\/\/colonisatorpcgame.com\/index.php\/wp-json\/wp\/v2\/types\/page"}],"author":[{"embeddable":true,"href":"https:\/\/colonisatorpcgame.com\/index.php\/wp-json\/wp\/v2\/users\/1"}],"replies":[{"embeddable":true,"href":"https:\/\/colonisatorpcgame.com\/index.php\/wp-json\/wp\/v2\/comments?post=116"}],"version-history":[{"count":249,"href":"https:\/\/colonisatorpcgame.com\/index.php\/wp-json\/wp\/v2\/pages\/116\/revisions"}],"predecessor-version":[{"id":560,"href":"https:\/\/colonisatorpcgame.com\/index.php\/wp-json\/wp\/v2\/pages\/116\/revisions\/560"}],"wp:attachment":[{"href":"https:\/\/colonisatorpcgame.com\/index.php\/wp-json\/wp\/v2\/media?parent=116"}],"curies":[{"name":"wp","href":"https:\/\/api.w.org\/{rel}","templated":true}]}}